 to base 4
-21203012211
17e354 (base 15) to base 12
48038a
-121200220210011 (base 3) to base 12
-2b802a1
What is 120120221112000 (base 3) in base 15?
ad9e43
What is 1213222 (base 5) in base 6?
254105
What is -4878841 (base 9) in base 4?
-22013013220
Convert -acc71a (base 13) to base 11.
-233987a
What is -2806043 (base 10) in base 15?
-3a6648
13c4b (base 13) to base 7
213403
Convert 17792e (base 16) to base 13.
41b288
What is -20e4c (base 16) in base 2?
-100000111001001100
-179c0c6 (base 13) to base 9
-15450318
Convert 26939 (base 13) to base 2.
10001100011000001
1101110010011110001111 (base 2) to base 16
37278f
Convert 442131404 (base 6) to base 7.
124343014
Convert -4040074 (base 9) to base 7.
-24202162
Convert 1641561 (base 7) to base 9.
377670
What is 439b6 (base 12) in base 4?
111313122
What is 87d3 (base 14) in base 7?
125353
What is 3724418 (base 11) in base 4?
120231111131
What is 143626654 (base 7) in base 11?
5412535
1000010110011001 (base 2) to base 5
2043301
-19b1a (base 14) to base 4
-33330030
Convert -373734 (base 8) to base 2.
-11111011111011100
1200210211121 (base 3) to base 7
10443505
What is -365702 (base 12) in base 4?
-3112332302
Convert -10100101001011010101001 (base 2) to base 5.
-2341200041
Convert 12074685 (base 9) to base 12.
1b83735
Convert -1311230311 (base 4) to base 13.
-13b589
What is 657505 (base 9) in base 6?
12225352
Convert -304516 (base 8) to base 15.
-1ec76
-1643134 (base 14) to base 5
-10243343433
52686 (base 12) to base 5
11424402
What is -3120422 (base 5) in base 4?
-30202202
Convert 100001110000011111110 (base 2) to base 16.
10e0fe
12856c4 (base 13) to base 15
79b762
11110011000011100 (base 2) to base 6
2400044
Convert -1420504 (base 9) to base 14.
-16497a
What is -1120344 (base 13) in base 10?
-5255787
Convert 115a08 (base 15) to base 9.
1503318
Convert -62031 (base 15) to base 11.
-1a2355
What is -23225646 (base 7) in base 14?
-3b1896
What is -1323141002 (base 5) in base 10?
-3333877
What is -1012521530 (base 6) in base 9?
-21662410
What is -9a34 (base 12) in base 11?
-11884
159287 (base 11) to base 3
110112020022
Convert 305133312 (base 6) to base 12.
192a238
Convert -535441 (base 8) to base 5.
-21211402
Convert 2212102001201 (base 3) to base 7.
15644101
What is 63909a (base 12) in base 13?
430012
What is -9c697 (base 16) in base 4?
-2130122113
23022012331 (base 4) to base 12
b90851
What is -7100225 (base 9) in base 14?
-705437
Convert -110201102002 (base 3) to base 13.
-89c45
Convert 8a73a1 (base 11) to base 3.
2201101122001
Convert 25244227 (base 9) to base 4.
233030022130
Convert 11854183 (base 9) to base 8.
26154327
3534293 (base 13) to base 3
1010220211012222
What is -1b699 (base 12) in base 8?
-117425
34c99 (base 15) to base 9
275670
Convert -827862 (base 10) to base 13.
-22ca79
What is fd7f (base 16) in base 15?
14365
What is -16605336 (base 7) in base 8?
-6163650
Convert -100001000111001000110000 (base 2) to base 5.
-4210224414
6d078 (base 14) to base 13
94278
-2211022022021 (base 3) to base 13
-407848
-6135505 (base 8) to base 12
-661b71
-12205706 (base 8) to base 14
-500462
What is -1766429 (base 12) in base 9?
-10132046
Convert -1853942 (base 12) to base 2.
-10011011001111010000010
-1001001100110100011 (base 2) to base 3
-120022112202
Convert -18aaa (base 13) to base 4.
-23231133
351331 (base 6) to base 4
13113013
What is -330140 (base 5) in base 12?
-6653
Convert -314621 (base 8) to base 2.
-11001100110010001
-263066 (base 7) to base 2
-1011111111001001
What is -10320102 (base 7) in base 13?
-24a014
Convert -104154321 (base 6) to base 7.
-21664240
-1010001121010200 (base 3) to base 11
-9021013
-10101101101111111010 (base 2) to base 7
-6022565
111133013 (base 4) to base 11
60137
What is -2275563 (base 9) in base 12?
-4b4486
What is -11245032 (base 7) in base 13?
-286b27
What is -221440222 (base 5) in base 6?
-32430203
Convert -1002211010121 (base 3) to base 2.
-10001111010010111110
Convert 61330614 (base 7) to base 4.
103201032210
Convert -120124 (base 7) to base 15.
-6651
What is 224236 (base 7) in base 6?
504441
-4812260 (base 11) to base 10
-8392263
-56364 (base 10) to base 3
-2212022120
20223 (base 14) to base 5
4433010
What is -99a10 (base 12) in base 11?
-129a97
What is 3a214 (base 11) in base 14?
16d46
436408 (base 12) to base 8
4046710
22575217 (base 8) to base 10
4913807
Convert -210110212222101 (base 3) to base 7.
-166005532
What is 3723035 (base 8) in base 12?
4155b9
Convert 1303311011 (base 4) to base 2.
1110011110101000101
What is 1a5ac (base 16) in base 9?
174062
What is -11110220112000 (base 3) in base 13?
-6542b2
-4114400 (base 5) to base 12
-3282a
-a04015 (base 11) to base 15
-21db85
5065817 (base 9) to base 6
133520024
Convert 54131305 (base 7) to base 16.
4662d0
Convert 11101110011000000101110 (base 2) to base 12.
27483a6
What is 35344201 (base 7) in base 6?
150514054
What is 794e9d (base 15) in base 8?
26050620
Convert -7210924 (base 10) to base 14.
-d59c60
675516 (base 8) to base 12
b0066
Convert 23301321103 (base 4) to base 15.
40ee3a
What is -13434444 (base 7) in base 10?
-1252521
Convert 223312203 (base 4) to base 9.
303346
-216304464 (base 7) to base 4
-302000330202
101001010100100010001000 (base 2) to base 4
221110202020
What is -15344103 (base 7) in base 9?
-2684810
Convert -72daa (base 14) to base 15.
-57183
30133330112 (base 4) to base 6
154121142
-1100000110111 (base 2) to base 15
-1c84
What is 30120030103 (base 4) in base 7?
36403054
What is -2433144 (base 7) in base 16?
-4be37
132000032112 (base 4) to base 11
44922a7
Convert 2b5d82 (base 16) to base 5.
1211420421
Convert 121650 (base 8) to base 5.
2320041
Convert -11001101100011001 (base 2) to base 10.
-105241
What is -22161301 (base 9) in base 4?
-220323030100
884491 (base 11) to base 10
1411444
15c0aa (base 16) to base 14
291750
Convert -529c7 (base 14) to base 2.
-110000101101010011
Convert -9b69c (base 14) to base 7.
-3130555
What is -3103121213 (base 4) in base 8?
-3233147
What is b86806 (base 14) in base 11?
3583308
Convert 29378 (base 13) to base 3.
10221022102
Convert 100110010000010110101 (base 2) to base 6.
42511301
What is -39319 (base 13) in base 7?
-620665
Convert -1302341 (base 6) to base 7.
-412453
What is -104143223 (base 5) in base 6?
-13501512
What is 3414243140 (base 5) in base 16?
7388d6
Convert 2111212211100 (base 3) to base 9.
2455740
What is 4dcbcc (base 15) in base 3?
21000221122210
Convert -122330133 (base 4) to base 16.
-1af1f
-98538 (base 15) to base 5
-110440203
What is -3b249b4 (base 12) in base 16?
-b33698
5008171 (base 10) to base 11
2910793
32534431 (base 8) to base 3
111011100020111
What is -485227 (base 15) in base 7?
-41260030
What is -26b867a (base 12) in base 13?
-179b468
-48b20 (base 12) to base 6
-2035240
Convert -20804103 (base 9) to base 16.
-9937f2
223152251 (base 7) to base 15
12cc862
What is 20302011320 (base 4) in base 5?
1042133303
-24064341 (base 7) to base 11
-122803a
-74797 (base 11) to base 14
-2b8cc
2bb425 (base 13) to base 7
12123305
Convert -201200202111202 (base 3) to base 4.
-213323111000
Convert e87837 (base 15) to base 5.
10312433402
-10304444 (base 6) to base 16
-4a4ac
202001000210 (base 3) to base 9
661023
-535553 (base 9) to base 3
-121012121210
Convert 6b394 (base 13) to base 14.
516b7
What is 220122441 (base 5) in base 15?
1392b6
1c9658c (base 13) to base 4
210130121231
Convert -1303133000 (base 4) to base 6.
-14045532
31303320110 (base 4) to base 11
2053048
What is -1338512 (base 11) in base 8?
-10637417
Convert 1021132 (base 10) to base 11.
638212
What is -2da393 (base 14) in base 6?
-54210141
-340033424 (base 5) to base 11
-926011
Convert 3d6ed (base 15) to base 12.
96237
Convert -381238 (base 9) to base 13.
-80c36
What is -11111100000001001 (base 2) in base 15?
-28373
What is a80012 (base 13) in base 14?
74854d
What is 10631480 (base 9) in base 6?
302315543
What is -116 (base 11) in base 2?
-10001010
Convert -2010222010 (base 3) to base 14.
-11586
Convert 2554433 (base 7) to base 3.
121220200202
What is a0b19 (base 16) in base 7?
5410645
-220033122 (base 4) to base 5
-20233301
What is -1b4426 (base 16) in base 3?
-10100210012011
What is 212022110221102 (base 3) in base 10?
12390041
-3122003002 (base 4) to base 8
-3320302
What is -1346124 (b